{"id":698,"date":"2023-07-24T14:41:14","date_gmt":"2023-07-24T12:41:14","guid":{"rendered":"https:\/\/zlobekbabypanda.pl\/?page_id=698"},"modified":"2023-07-25T11:09:58","modified_gmt":"2023-07-25T09:09:58","slug":"zajecia-zewnetrzne","status":"publish","type":"page","link":"https:\/\/zlobekbabypanda.pl\/?page_id=698","title":{"rendered":"zaj\u0119cia zewn\u0119trzne"},"content":{"rendered":"<style>.kb-row-layout-id_4b10c8-d1 > .kt-row-column-wrap{align-content:center;}:where(.kb-row-layout-id_4b10c8-d1 > .kt-row-column-wrap) > .wp-block-kadence-column{justify-content:center;}.kb-row-layout-id_4b10c8-d1 > .kt-row-column-wrap{column-gap:82px;row-gap:var(--global-kb-gap-md, 2rem);max-width:1153px;margin-left:auto;margin-right:auto;padding-top:163px;padding-bottom:100px;grid-template-columns:minmax(0, 55%) minmax(0, 45%);}.kb-row-layout-id_4b10c8-d1 > .kt-row-layout-overlay{opacity:0.30;}.kb-row-layout-id_4b10c8-d1 .kt-row-layout-bottom-sep{height:100px;}.kb-row-layout-id_4b10c8-d1 .kt-row-layout-bottom-sep svg{width:100%;}.kb-row-layout-id_4b10c8-d1 .kt-row-layout-bottom-sep svg{fill:#ffffff!important;}.kb-row-layout-id_4b10c8-d1 .kt-row-layout-top-sep{height:100px;}.kb-row-layout-id_4b10c8-d1 .kt-row-layout-top-sep svg{fill:var(--global-palette9, #ffffff)!important;}@media all and (max-width: 1024px){.kb-row-layout-id_4b10c8-d1 > .kt-row-column-wrap{grid-template-columns:repeat(2, minmax(0, 1fr));}}@media all and (max-width: 1024px){.kb-row-layout-id_4b10c8-d1 .kt-row-layout-bottom-sep{height:px;}}@media all and (max-width: 1024px){.kb-row-layout-id_4b10c8-d1 .kt-row-layout-bottom-sep svg{width:%;}}@media all and (max-width: 767px){.kb-row-layout-id_4b10c8-d1 > .kt-row-column-wrap{grid-template-columns:minmax(0, 1fr);}.kb-row-layout-id_4b10c8-d1 .kt-row-layout-bottom-sep{height:px;}.kb-row-layout-id_4b10c8-d1 .kt-row-layout-bottom-sep svg{width:%;}}.kb-row-layout-id_4b10c8-d1 .rounded-corners {  border-radius: 70px;}<\/style><div class=\"kb-row-layout-wrap kb-row-layout-id_4b10c8-d1 aligncenter has-theme-palette8-background-color kt-row-has-bg wp-block-kadence-rowlayout\"><div class=\"kt-row-layout-top-sep kt-row-sep-type-waves\"><svg viewBox=\"0 0 1000 100\" preserveAspectRatio=\"none\"><path d=\"M1000,40c0,0 -120.077,-38.076 -250,-38c-129.923,0.076 -345.105,78 -500,78c-154.895,0 -250,-30 -250,-30l0,50l1000,0l0,-60Z\" \/><path d=\"M1000,40c0,0 -120.077,-38.076 -250,-38c-129.923,0.076 -345.105,73 -500,73c-154.895,0 -250,-45 -250,-45l0,70l1000,0l0,-60Z\" style=\"opacity: 0.4\" \/><path d=\"M1000,40c0,0 -120.077,-38.076 -250,-38c-129.923,0.076 -345.105,68 -500,68c-154.895,0 -250,-65 -250,-65l0,95l1000,0l0,-60Z\" style=\"opacity: 0.4\" \/><\/svg><\/div><div class=\"kt-row-layout-bottom-sep kt-row-sep-type-crvri\"><svg viewBox=\"0 0 1000 100\" preserveAspectRatio=\"none\"><path d=\"M1000,0c0,0 -120.987,98 -350,98c-229.013,0 -650,-98 -650,-98l0,100l1000,0l0,-100Z\" \/><\/svg><\/div><div class=\"kt-row-column-wrap kt-has-2-columns kt-row-layout-equal kt-tab-layout-inherit kt-mobile-layout-row kt-row-valign-middle\">\n<style>.kadence-column_1c683c-67 > .kt-inside-inner-col,.kadence-column_1c683c-67 > .kt-inside-inner-col:before{border-top-left-radius:0px;border-top-right-radius:0px;border-bottom-right-radius:0px;border-bottom-left-radius:0px;}.kadence-column_1c683c-67 > .kt-inside-inner-col:before{opacity:0.3;}.kadence-column_1c683c-67{position:relative;}<\/style>\n<div class=\"wp-block-kadence-column kadence-column_1c683c-67 kb-section-dir-vertical\"><div class=\"kt-inside-inner-col\">\n<figure class=\"wp-block-image size-large rounded-corners\"><img loading=\"lazy\" decoding=\"async\" width=\"1024\" height=\"846\" src=\"https:\/\/zlobekbabypanda.pl\/wp-content\/uploads\/2023\/07\/IMG_1711-e1689950440358-1024x846.jpg\" alt=\"dogoterapia\" class=\"wp-image-557\" srcset=\"https:\/\/zlobekbabypanda.pl\/wp-content\/uploads\/2023\/07\/IMG_1711-e1689950440358-1024x846.jpg 1024w, https:\/\/zlobekbabypanda.pl\/wp-content\/uploads\/2023\/07\/IMG_1711-e1689950440358-300x248.jpg 300w, https:\/\/zlobekbabypanda.pl\/wp-content\/uploads\/2023\/07\/IMG_1711-e1689950440358-768x635.jpg 768w, https:\/\/zlobekbabypanda.pl\/wp-content\/uploads\/2023\/07\/IMG_1711-e1689950440358.jpg 1440w\" sizes=\"auto, (max-width: 1024px) 100vw, 1024px\" \/><\/figure>\n<\/div><\/div>\n\n\n<style>.kadence-column_be4ba5-c0 > .kt-inside-inner-col,.kadence-column_be4ba5-c0 > .kt-inside-inner-col:before{border-top-left-radius:0px;border-top-right-radius:0px;border-bottom-right-radius:0px;border-bottom-left-radius:0px;}.kadence-column_be4ba5-c0 > .kt-inside-inner-col{justify-content:flex-start;flex-direction:column;display:flex;}.kadence-column_be4ba5-c0 > .kt-inside-inner-col > .aligncenter{width:100%;}.kt-row-column-wrap > .kadence-column_be4ba5-c0{align-self:flex-start;}.kt-inner-column-height-full:not(.kt-has-1-columns) > .wp-block-kadence-column.kadence-column_be4ba5-c0{align-self:auto;}.kt-inner-column-height-full:not(.kt-has-1-columns) > .wp-block-kadence-column.kadence-column_be4ba5-c0 > .kt-inside-inner-col{display:flex;flex-direction:column;justify-content:flex-start;}.kadence-column_be4ba5-c0 > .kt-inside-inner-col:before{opacity:0.3;}.kadence-column_be4ba5-c0{text-align:left;}.kadence-column_be4ba5-c0{position:relative;}<\/style>\n<div class=\"wp-block-kadence-column kadence-column_be4ba5-c0\"><div class=\"kt-inside-inner-col\">\n<h4 class=\"wp-block-heading\">Zaj\u0119cia zewn\u0119trzne<\/h4>\n\n\n\n<p>Wszystkie zaj\u0119cia dodatkowe prowadzone s\u0105 przez certyfikowanych specjalist\u00f3w, kt\u00f3rzy na codzie\u0144 wsp\u00f3\u0142pracuj\u0105 z najm\u0142odszymi odbiorcami.<\/p>\n\n\n\n<p>Zapraszamy tylko sprawdzone osoby, przy kt\u00f3rych nasi podopieczni czuj\u0105 si\u0119 swobodnie i bezpiecznie.<\/p>\n\n\n\n<p><strong>Gordonki <\/strong>odbywaj\u0105 si\u0119 w naszym \u017c\u0142obku 1 raz w tygodniu.<\/p>\n\n\n\n<p>Pozosta\u0142e zaj\u0119cia odbywaj\u0105 si\u0119 w r\u00f3\u017cnej cz\u0119stotliwo\u015bci uzale\u017cnionej od dost\u0119pno\u015bci naszych wsp\u00f3\u0142pracownik\u00f3w.<\/p>\n<\/div><\/div>\n\n<\/div><\/div>","protected":false},"excerpt":{"rendered":"<p>Zaj\u0119cia zewn\u0119trzne Wszystkie zaj\u0119cia dodatkowe prowadzone s\u0105 przez certyfikowanych specjalist\u00f3w, kt\u00f3rzy na codzie\u0144 wsp\u00f3\u0142pracuj\u0105 z najm\u0142odszymi odbiorcami. Zapraszamy tylko sprawdzone osoby, przy kt\u00f3rych nasi podopieczni czuj\u0105 si\u0119 swobodnie i bezpiecznie. Gordonki odbywaj\u0105 si\u0119 w naszym \u017c\u0142obku 1 raz w tygodniu. Pozosta\u0142e zaj\u0119cia odbywaj\u0105 si\u0119 w r\u00f3\u017cnej cz\u0119stotliwo\u015bci uzale\u017cnionej od dost\u0119pno\u015bci naszych wsp\u00f3\u0142pracownik\u00f3w.<\/p>\n","protected":false},"author":1,"featured_media":0,"parent":0,"menu_order":0,"comment_status":"closed","ping_status":"closed","template":"","meta":{"_kad_post_transparent":"","_kad_post_title":"","_kad_post_layout":"","_kad_post_sidebar_id":"","_kad_post_content_style":"","_kad_post_vertical_padding":"","_kad_post_feature":"","_kad_post_feature_position":"","_kad_post_header":false,"_kad_post_footer":false,"_kad_post_classname":"","footnotes":""},"class_list":["post-698","page","type-page","status-publish","hentry"],"_links":{"self":[{"href":"https:\/\/zlobekbabypanda.pl\/index.php?rest_route=\/wp\/v2\/pages\/698","targetHints":{"allow":["GET"]}}],"collection":[{"href":"https:\/\/zlobekbabypanda.pl\/index.php?rest_route=\/wp\/v2\/pages"}],"about":[{"href":"https:\/\/zlobekbabypanda.pl\/index.php?rest_route=\/wp\/v2\/types\/page"}],"author":[{"embeddable":true,"href":"https:\/\/zlobekbabypanda.pl\/index.php?rest_route=\/wp\/v2\/users\/1"}],"replies":[{"embeddable":true,"href":"https:\/\/zlobekbabypanda.pl\/index.php?rest_route=%2Fwp%2Fv2%2Fcomments&post=698"}],"version-history":[{"count":3,"href":"https:\/\/zlobekbabypanda.pl\/index.php?rest_route=\/wp\/v2\/pages\/698\/revisions"}],"predecessor-version":[{"id":798,"href":"https:\/\/zlobekbabypanda.pl\/index.php?rest_route=\/wp\/v2\/pages\/698\/revisions\/798"}],"wp:attachment":[{"href":"https:\/\/zlobekbabypanda.pl\/index.php?rest_route=%2Fwp%2Fv2%2Fmedia&parent=698"}],"curies":[{"name":"wp","href":"https:\/\/api.w.org\/{rel}","templated":true}]}}