{"id":714,"date":"2023-07-24T14:46:58","date_gmt":"2023-07-24T12:46:58","guid":{"rendered":"https:\/\/zlobekbabypanda.pl\/?page_id=714"},"modified":"2023-07-25T11:04:02","modified_gmt":"2023-07-25T09:04:02","slug":"wyzywienie","status":"publish","type":"page","link":"https:\/\/zlobekbabypanda.pl\/?page_id=714","title":{"rendered":"wy\u017cywienie"},"content":{"rendered":"<style>.kb-row-layout-id_d6e58c-42 > .kt-row-column-wrap{align-content:start;}:where(.kb-row-layout-id_d6e58c-42 > .kt-row-column-wrap) > .wp-block-kadence-column{justify-content:start;}.kb-row-layout-id_d6e58c-42 > .kt-row-column-wrap{column-gap:var(--global-kb-gap-md, 2rem);row-gap:var(--global-kb-gap-md, 2rem);max-width:700px;margin-left:auto;margin-right:auto;padding-top:125px;padding-bottom:40px;grid-template-columns:minmax(0, 1fr);}.kb-row-layout-id_d6e58c-42 > .kt-row-layout-overlay{opacity:0.30;}.kb-row-layout-id_d6e58c-42 .kt-row-layout-bottom-sep{height:100px;}.kb-row-layout-id_d6e58c-42 .kt-row-layout-bottom-sep svg{width:100%;}.kb-row-layout-id_d6e58c-42 .kt-row-layout-bottom-sep svg{fill:#ffffff!important;}.kb-row-layout-id_d6e58c-42 .kt-row-layout-top-sep{height:100px;}.kb-row-layout-id_d6e58c-42 .kt-row-layout-top-sep svg{fill:#ffffff!important;}@media all and (max-width: 1024px){.kb-row-layout-id_d6e58c-42 > .kt-row-column-wrap{grid-template-columns:minmax(0, 1fr);}}@media all and (max-width: 1024px){.kb-row-layout-id_d6e58c-42 .kt-row-layout-bottom-sep{height:px;}}@media all and (max-width: 1024px){.kb-row-layout-id_d6e58c-42 .kt-row-layout-bottom-sep svg{width:%;}}@media all and (max-width: 767px){.kb-row-layout-id_d6e58c-42 > .kt-row-column-wrap{grid-template-columns:minmax(0, 1fr);}.kb-row-layout-id_d6e58c-42 .kt-row-layout-bottom-sep{height:px;}.kb-row-layout-id_d6e58c-42 .kt-row-layout-bottom-sep svg{width:%;}}<\/style><div class=\"kb-row-layout-wrap kb-row-layout-id_d6e58c-42 alignnone has-theme-palette8-background-color kt-row-has-bg wp-block-kadence-rowlayout\"><div class=\"kt-row-layout-top-sep kt-row-sep-type-wavesi\"><svg viewBox=\"0 0 1000 100\" preserveAspectRatio=\"none\"><path d=\"M0,40c0,0 120.077,-38.076 250,-38c129.923,0.076 345.105,78 500,78c154.895,0 250,-30 250,-30l0,50l-1000,0l0,-60Z\" \/><path d=\"M0,40c0,0 120.077,-38.076 250,-38c129.923,0.076 345.105,73 500,73c154.895,0 250,-45 250,-45l0,70l-1000,0l0,-60Z\" style=\"opacity: 0.4\" \/><path d=\"M0,40c0,0 120.077,-38.076 250,-38c129.923,0.076 345.105,68 500,68c154.895,0 250,-65 250,-65l0,95l-1000,0l0,-60Z\" style=\"opacity: 0.4\" \/><\/svg><\/div><div class=\"kt-row-column-wrap kt-has-1-columns kt-row-layout-equal kt-tab-layout-inherit kt-mobile-layout-row kt-row-valign-top\">\n<style>.kadence-column_181455-83 > .kt-inside-inner-col,.kadence-column_181455-83 > .kt-inside-inner-col:before{border-top-left-radius:0px;border-top-right-radius:0px;border-bottom-right-radius:0px;border-bottom-left-radius:0px;}.kadence-column_181455-83 > .kt-inside-inner-col:before{opacity:0.3;}.kadence-column_181455-83{position:relative;}<\/style>\n<div class=\"wp-block-kadence-column kadence-column_181455-83 inner-column-1\"><div class=\"kt-inside-inner-col\"><\/div><\/div>\n\n<\/div><\/div>\n\n<style>.kb-row-layout-id_e00bae-01 > .kt-row-column-wrap{align-content:start;}:where(.kb-row-layout-id_e00bae-01 > .kt-row-column-wrap) > .wp-block-kadence-column{justify-content:start;}.kb-row-layout-id_e00bae-01 > .kt-row-column-wrap{column-gap:var(--global-kb-gap-md, 2rem);row-gap:var(--global-kb-gap-md, 2rem);max-width:var( --global-content-width, 1290px );padding-left:var(--global-content-edge-padding);padding-right:var(--global-content-edge-padding);padding-top:0px;padding-bottom:80px;grid-template-columns:minmax(0, 65%) minmax(0, 35%);}.kb-row-layout-id_e00bae-01 > .kt-row-layout-overlay{opacity:0.30;}@media all and (max-width: 1024px){.kb-row-layout-id_e00bae-01 > .kt-row-column-wrap{grid-template-columns:repeat(2, minmax(0, 1fr));}}@media all and (max-width: 767px){.kb-row-layout-id_e00bae-01 > .kt-row-column-wrap{grid-template-columns:minmax(0, 1fr);}}<\/style><div class=\"kb-row-layout-wrap kb-row-layout-id_e00bae-01 alignnone has-theme-palette8-background-color kt-row-has-bg wp-block-kadence-rowlayout\"><div class=\"kt-row-column-wrap kt-has-2-columns kt-row-layout-equal kt-tab-layout-inherit kt-mobile-layout-row kt-row-valign-top kb-theme-content-width\">\n<style>.kadence-column_075ed2-e4 > .kt-inside-inner-col,.kadence-column_075ed2-e4 > .kt-inside-inner-col:before{border-top-left-radius:0px;border-top-right-radius:0px;border-bottom-right-radius:0px;border-bottom-left-radius:0px;}.kadence-column_075ed2-e4 > .kt-inside-inner-col:before{opacity:0.3;}.kadence-column_075ed2-e4{position:relative;}<\/style>\n<div class=\"wp-block-kadence-column kadence-column_075ed2-e4\"><div class=\"kt-inside-inner-col\">\n<p>Za catering w naszej plac\u00f3wce odpowiada firma <strong>Prosto z Kuchni. <\/strong><\/p>\n\n\n\n<p>Jeste\u015bmy \u015bwiadomi tego, jak zdrowe nawyki \u017cywieniowe wdro\u017cone ju\u017c na pocz\u0105tku przygody z rozszerzaniem diety mog\u0105 zaprocentowa\u0107 w przysz\u0142o\u015bci i takie warto\u015bci przekazujemy naszym najm\u0142odszym.<\/p>\n\n\n\n<p>Zapewniamy 5 posi\u0142k\u00f3w dziennie przygotowywanych pod okiem dietetyka przez firm\u0119 cateringow\u0105 specjalizuj\u0105c\u0105 si\u0119 w \u017cywieniu dzieci w wieku \u017c\u0142obkowym.<\/p>\n\n\n\n<p>Unikamy soli, cukru i przetworzonych produkt\u00f3w. Jedynym napojem, kt\u00f3ry podajemy maluchom jest woda. U\u017cywamy du\u017cej ilo\u015bci warzyw i owoc\u00f3w, by wzbogaci\u0107 dania o potrzebne sk\u0142adniki.<\/p>\n\n\n\n<div class=\"wp-block-file\"><a id=\"wp-block-file--media-35600f0d-9467-4fe9-b7f1-e693b4dbbd3c\" href=\"https:\/\/zlobekbabypanda.pl\/wp-content\/uploads\/2023\/07\/Jadlospis-na-tydzien-12-16.2022.pdf\">Jad\u0142ospis<\/a><a href=\"https:\/\/zlobekbabypanda.pl\/wp-content\/uploads\/2023\/07\/Jadlospis-na-tydzien-12-16.2022.pdf\" class=\"wp-block-file__button wp-element-button\" download aria-describedby=\"wp-block-file--media-35600f0d-9467-4fe9-b7f1-e693b4dbbd3c\">Pobierz<\/a><\/div>\n<\/div><\/div>\n\n\n<style>.kadence-column_279476-79 > .kt-inside-inner-col,.kadence-column_279476-79 > .kt-inside-inner-col:before{border-top-left-radius:0px;border-top-right-radius:0px;border-bottom-right-radius:0px;border-bottom-left-radius:0px;}.kadence-column_279476-79 > .kt-inside-inner-col:before{opacity:0.3;}.kadence-column_279476-79{position:relative;}<\/style>\n<div class=\"wp-block-kadence-column kadence-column_279476-79\"><div class=\"kt-inside-inner-col\">\n<figure class=\"wp-block-image size-full is-resized\"><img loading=\"lazy\" decoding=\"async\" src=\"https:\/\/zlobekbabypanda.pl\/wp-content\/uploads\/2023\/07\/photo-1514995428455-447d4443fa7f.jpeg\" alt=\"jedzenie\" class=\"wp-image-506\" width=\"282\" height=\"422\" srcset=\"https:\/\/zlobekbabypanda.pl\/wp-content\/uploads\/2023\/07\/photo-1514995428455-447d4443fa7f.jpeg 500w, https:\/\/zlobekbabypanda.pl\/wp-content\/uploads\/2023\/07\/photo-1514995428455-447d4443fa7f-200x300.jpeg 200w\" sizes=\"auto, (max-width: 282px) 100vw, 282px\" \/><\/figure>\n<\/div><\/div>\n\n<\/div><\/div>","protected":false},"excerpt":{"rendered":"<p>Za catering w naszej plac\u00f3wce odpowiada firma Prosto z Kuchni. Jeste\u015bmy \u015bwiadomi tego, jak zdrowe nawyki \u017cywieniowe wdro\u017cone ju\u017c na pocz\u0105tku przygody z rozszerzaniem diety mog\u0105 zaprocentowa\u0107 w przysz\u0142o\u015bci i takie warto\u015bci przekazujemy naszym najm\u0142odszym. Zapewniamy 5 posi\u0142k\u00f3w dziennie przygotowywanych pod okiem dietetyka przez firm\u0119 cateringow\u0105 specjalizuj\u0105c\u0105 si\u0119 w \u017cywieniu dzieci w wieku \u017c\u0142obkowym. Unikamy&#8230;<\/p>\n","protected":false},"author":1,"featured_media":0,"parent":0,"menu_order":0,"comment_status":"closed","ping_status":"closed","template":"","meta":{"_kad_post_transparent":"","_kad_post_title":"","_kad_post_layout":"","_kad_post_sidebar_id":"","_kad_post_content_style":"","_kad_post_vertical_padding":"","_kad_post_feature":"","_kad_post_feature_position":"","_kad_post_header":false,"_kad_post_footer":false,"_kad_post_classname":"","footnotes":""},"class_list":["post-714","page","type-page","status-publish","hentry"],"_links":{"self":[{"href":"https:\/\/zlobekbabypanda.pl\/index.php?rest_route=\/wp\/v2\/pages\/714","targetHints":{"allow":["GET"]}}],"collection":[{"href":"https:\/\/zlobekbabypanda.pl\/index.php?rest_route=\/wp\/v2\/pages"}],"about":[{"href":"https:\/\/zlobekbabypanda.pl\/index.php?rest_route=\/wp\/v2\/types\/page"}],"author":[{"embeddable":true,"href":"https:\/\/zlobekbabypanda.pl\/index.php?rest_route=\/wp\/v2\/users\/1"}],"replies":[{"embeddable":true,"href":"https:\/\/zlobekbabypanda.pl\/index.php?rest_route=%2Fwp%2Fv2%2Fcomments&post=714"}],"version-history":[{"count":4,"href":"https:\/\/zlobekbabypanda.pl\/index.php?rest_route=\/wp\/v2\/pages\/714\/revisions"}],"predecessor-version":[{"id":792,"href":"https:\/\/zlobekbabypanda.pl\/index.php?rest_route=\/wp\/v2\/pages\/714\/revisions\/792"}],"wp:attachment":[{"href":"https:\/\/zlobekbabypanda.pl\/index.php?rest_route=%2Fwp%2Fv2%2Fmedia&parent=714"}],"curies":[{"name":"wp","href":"https:\/\/api.w.org\/{rel}","templated":true}]}}