{"id":747,"date":"2023-07-24T15:43:42","date_gmt":"2023-07-24T13:43:42","guid":{"rendered":"https:\/\/zlobekbabypanda.pl\/?page_id=747"},"modified":"2023-07-25T10:46:16","modified_gmt":"2023-07-25T08:46:16","slug":"wyprawka","status":"publish","type":"page","link":"https:\/\/zlobekbabypanda.pl\/?page_id=747","title":{"rendered":"wyprawka"},"content":{"rendered":"<style>.kb-row-layout-id_d6e58c-42 > .kt-row-column-wrap{align-content:start;}:where(.kb-row-layout-id_d6e58c-42 > .kt-row-column-wrap) > .wp-block-kadence-column{justify-content:start;}.kb-row-layout-id_d6e58c-42 > .kt-row-column-wrap{column-gap:var(--global-kb-gap-md, 2rem);row-gap:var(--global-kb-gap-md, 2rem);max-width:var( --global-content-width, 1290px );padding-left:var(--global-content-edge-padding);padding-right:var(--global-content-edge-padding);padding-top:125px;padding-bottom:40px;grid-template-columns:minmax(0, 1fr);}.kb-row-layout-id_d6e58c-42 > .kt-row-layout-overlay{opacity:0.30;}.kb-row-layout-id_d6e58c-42 .kt-row-layout-bottom-sep{height:100px;}.kb-row-layout-id_d6e58c-42 .kt-row-layout-bottom-sep svg{width:100%;}.kb-row-layout-id_d6e58c-42 .kt-row-layout-bottom-sep svg{fill:#ffffff!important;}.kb-row-layout-id_d6e58c-42 .kt-row-layout-top-sep{height:100px;}.kb-row-layout-id_d6e58c-42 .kt-row-layout-top-sep svg{fill:#ffffff!important;}@media all and (max-width: 1024px){.kb-row-layout-id_d6e58c-42 > .kt-row-column-wrap{grid-template-columns:minmax(0, 1fr);}}@media all and (max-width: 1024px){.kb-row-layout-id_d6e58c-42 .kt-row-layout-bottom-sep{height:px;}}@media all and (max-width: 1024px){.kb-row-layout-id_d6e58c-42 .kt-row-layout-bottom-sep svg{width:%;}}@media all and (max-width: 767px){.kb-row-layout-id_d6e58c-42 > .kt-row-column-wrap{grid-template-columns:minmax(0, 1fr);}.kb-row-layout-id_d6e58c-42 .kt-row-layout-bottom-sep{height:px;}.kb-row-layout-id_d6e58c-42 .kt-row-layout-bottom-sep svg{width:%;}}<\/style><div class=\"kb-row-layout-wrap kb-row-layout-id_d6e58c-42 alignnone has-theme-palette8-background-color kt-row-has-bg wp-block-kadence-rowlayout\"><div class=\"kt-row-layout-top-sep kt-row-sep-type-wavesi\"><svg viewBox=\"0 0 1000 100\" preserveAspectRatio=\"none\"><path d=\"M0,40c0,0 120.077,-38.076 250,-38c129.923,0.076 345.105,78 500,78c154.895,0 250,-30 250,-30l0,50l-1000,0l0,-60Z\" \/><path d=\"M0,40c0,0 120.077,-38.076 250,-38c129.923,0.076 345.105,73 500,73c154.895,0 250,-45 250,-45l0,70l-1000,0l0,-60Z\" style=\"opacity: 0.4\" \/><path d=\"M0,40c0,0 120.077,-38.076 250,-38c129.923,0.076 345.105,68 500,68c154.895,0 250,-65 250,-65l0,95l-1000,0l0,-60Z\" style=\"opacity: 0.4\" \/><\/svg><\/div><div class=\"kt-row-column-wrap kt-has-1-columns kt-row-layout-equal kt-tab-layout-inherit kt-mobile-layout-row kt-row-valign-top kb-theme-content-width\">\n<style>.kadence-column_181455-83 > .kt-inside-inner-col,.kadence-column_181455-83 > .kt-inside-inner-col:before{border-top-left-radius:0px;border-top-right-radius:0px;border-bottom-right-radius:0px;border-bottom-left-radius:0px;}.kadence-column_181455-83 > .kt-inside-inner-col:before{opacity:0.3;}.kadence-column_181455-83{position:relative;}<\/style>\n<div class=\"wp-block-kadence-column kadence-column_181455-83 inner-column-1\"><div class=\"kt-inside-inner-col\"><\/div><\/div>\n\n<\/div><\/div>\n\n<style>.kb-row-layout-id_e53bdd-38 > .kt-row-column-wrap{align-content:start;}:where(.kb-row-layout-id_e53bdd-38 > .kt-row-column-wrap) > .wp-block-kadence-column{justify-content:start;}.kb-row-layout-id_e53bdd-38 > .kt-row-column-wrap{column-gap:var(--global-kb-gap-md, 2rem);row-gap:var(--global-kb-gap-md, 2rem);max-width:var( --global-content-width, 1290px );padding-left:var(--global-content-edge-padding);padding-right:var(--global-content-edge-padding);padding-top:0px;padding-bottom:80px;grid-template-columns:minmax(0, 65%) minmax(0, 35%);}.kb-row-layout-id_e53bdd-38 > .kt-row-layout-overlay{opacity:0.30;}.kb-row-layout-id_e53bdd-38 .kt-row-layout-bottom-sep{height:100px;}.kb-row-layout-id_e53bdd-38 .kt-row-layout-bottom-sep svg{width:100%;}.kb-row-layout-id_e53bdd-38 .kt-row-layout-bottom-sep svg{fill:#ffffff!important;}@media all and (max-width: 1024px){.kb-row-layout-id_e53bdd-38 > .kt-row-column-wrap{grid-template-columns:repeat(2, minmax(0, 1fr));}}@media all and (max-width: 1024px){.kb-row-layout-id_e53bdd-38 .kt-row-layout-bottom-sep{height:px;}}@media all and (max-width: 1024px){.kb-row-layout-id_e53bdd-38 .kt-row-layout-bottom-sep svg{width:%;}}@media all and (max-width: 767px){.kb-row-layout-id_e53bdd-38 > .kt-row-column-wrap{grid-template-columns:minmax(0, 1fr);}.kb-row-layout-id_e53bdd-38 .kt-row-layout-bottom-sep{height:px;}.kb-row-layout-id_e53bdd-38 .kt-row-layout-bottom-sep svg{width:%;}}<\/style><div class=\"kb-row-layout-wrap kb-row-layout-id_e53bdd-38 alignnone has-theme-palette8-background-color kt-row-has-bg wp-block-kadence-rowlayout\"><div class=\"kt-row-layout-bottom-sep kt-row-sep-type-crvri\"><svg viewBox=\"0 0 1000 100\" preserveAspectRatio=\"none\"><path d=\"M1000,0c0,0 -120.987,98 -350,98c-229.013,0 -650,-98 -650,-98l0,100l1000,0l0,-100Z\" \/><\/svg><\/div><div class=\"kt-row-column-wrap kt-has-2-columns kt-row-layout-left-golden kt-tab-layout-inherit kt-mobile-layout-row kt-row-valign-top kb-theme-content-width\">\n<style>.kadence-column_c3f1c4-ba > .kt-inside-inner-col,.kadence-column_c3f1c4-ba > .kt-inside-inner-col:before{border-top-left-radius:0px;border-top-right-radius:0px;border-bottom-right-radius:0px;border-bottom-left-radius:0px;}.kadence-column_c3f1c4-ba > .kt-inside-inner-col:before{opacity:0.3;}.kadence-column_c3f1c4-ba{position:relative;}<\/style>\n<div class=\"wp-block-kadence-column kadence-column_c3f1c4-ba\"><div class=\"kt-inside-inner-col\">\n<h4 class=\"wp-block-heading has-text-align-left\">Wyprawka<\/h4>\n\n\n\n<ul class=\"wp-block-list\">\n<li>3 komplety zapasowych ubranek<\/li>\n\n\n\n<li>jednorazowe b\u0105d\u017a wielorazowe pieluszki<\/li>\n\n\n\n<li>mokre chusteczki<\/li>\n\n\n\n<li>krem do piel\u0119gnacji<\/li>\n\n\n\n<li>krem z filtrem<\/li>\n\n\n\n<li>szczoteczka do z\u0119b\u00f3w<\/li>\n\n\n\n<li>bidon na wod\u0119<\/li>\n\n\n\n<li>\u015bliniak Canpol silikonowy<\/li>\n\n\n\n<li>fartuszek do malowania (b\u0105d\u017a \u015bliniak z d\u0142ugim r\u0119kawem)<\/li>\n\n\n\n<li>ulubiona przytulanka (opcjonalnie)<\/li>\n\n\n\n<li>smoczek, gryzak (opcjonalnie)<\/li>\n<\/ul>\n<\/div><\/div>\n\n\n<style>.kadence-column_f2f740-3a > .kt-inside-inner-col,.kadence-column_f2f740-3a > .kt-inside-inner-col:before{border-top-left-radius:0px;border-top-right-radius:0px;border-bottom-right-radius:0px;border-bottom-left-radius:0px;}.kadence-column_f2f740-3a > .kt-inside-inner-col:before{opacity:0.3;}.kadence-column_f2f740-3a{position:relative;}<\/style>\n<div class=\"wp-block-kadence-column kadence-column_f2f740-3a\"><div class=\"kt-inside-inner-col\">\n<figure class=\"wp-block-image size-large is-resized\"><img loading=\"lazy\" decoding=\"async\" src=\"https:\/\/zlobekbabypanda.pl\/wp-content\/uploads\/2023\/07\/IMG_1243-e1690274498903-898x1024.jpg\" alt=\"wyprawka\" class=\"wp-image-777\" width=\"298\" height=\"340\" srcset=\"https:\/\/zlobekbabypanda.pl\/wp-content\/uploads\/2023\/07\/IMG_1243-e1690274498903-898x1024.jpg 898w, https:\/\/zlobekbabypanda.pl\/wp-content\/uploads\/2023\/07\/IMG_1243-e1690274498903-263x300.jpg 263w, https:\/\/zlobekbabypanda.pl\/wp-content\/uploads\/2023\/07\/IMG_1243-e1690274498903-768x875.jpg 768w, https:\/\/zlobekbabypanda.pl\/wp-content\/uploads\/2023\/07\/IMG_1243-e1690274498903.jpg 1080w\" sizes=\"auto, (max-width: 298px) 100vw, 298px\" \/><\/figure>\n<\/div><\/div>\n\n<\/div><\/div>","protected":false},"excerpt":{"rendered":"<p>Wyprawka<\/p>\n","protected":false},"author":1,"featured_media":0,"parent":0,"menu_order":0,"comment_status":"closed","ping_status":"closed","template":"","meta":{"_kad_post_transparent":"","_kad_post_title":"","_kad_post_layout":"","_kad_post_sidebar_id":"","_kad_post_content_style":"","_kad_post_vertical_padding":"","_kad_post_feature":"","_kad_post_feature_position":"","_kad_post_header":false,"_kad_post_footer":false,"_kad_post_classname":"","footnotes":""},"class_list":["post-747","page","type-page","status-publish","hentry"],"_links":{"self":[{"href":"https:\/\/zlobekbabypanda.pl\/index.php?rest_route=\/wp\/v2\/pages\/747","targetHints":{"allow":["GET"]}}],"collection":[{"href":"https:\/\/zlobekbabypanda.pl\/index.php?rest_route=\/wp\/v2\/pages"}],"about":[{"href":"https:\/\/zlobekbabypanda.pl\/index.php?rest_route=\/wp\/v2\/types\/page"}],"author":[{"embeddable":true,"href":"https:\/\/zlobekbabypanda.pl\/index.php?rest_route=\/wp\/v2\/users\/1"}],"replies":[{"embeddable":true,"href":"https:\/\/zlobekbabypanda.pl\/index.php?rest_route=%2Fwp%2Fv2%2Fcomments&post=747"}],"version-history":[{"count":10,"href":"https:\/\/zlobekbabypanda.pl\/index.php?rest_route=\/wp\/v2\/pages\/747\/revisions"}],"predecessor-version":[{"id":785,"href":"https:\/\/zlobekbabypanda.pl\/index.php?rest_route=\/wp\/v2\/pages\/747\/revisions\/785"}],"wp:attachment":[{"href":"https:\/\/zlobekbabypanda.pl\/index.php?rest_route=%2Fwp%2Fv2%2Fmedia&parent=747"}],"curies":[{"name":"wp","href":"https:\/\/api.w.org\/{rel}","templated":true}]}}